{"id":2,"date":"2025-01-21T15:45:56","date_gmt":"2025-01-21T15:45:56","guid":{"rendered":"https:\/\/ludus.lu\/?page_id=2"},"modified":"2025-01-22T18:52:44","modified_gmt":"2025-01-22T18:52:44","slug":"sample-page","status":"publish","type":"page","link":"https:\/\/ludus.lu\/?page_id=2","title":{"rendered":"Wat heescht LuDUS?"},"content":{"rendered":"\n<figure class=\"wp-block-image size-large is-resized\"><img loading=\"lazy\" decoding=\"async\" width=\"1024\" height=\"532\" src=\"https:\/\/ludus.lu\/wp-content\/uploads\/2025\/01\/ludus-bild3-1024x532.jpg\" alt=\"\" class=\"wp-image-34\" style=\"width:797px;height:auto\" srcset=\"https:\/\/ludus.lu\/wp-content\/uploads\/2025\/01\/ludus-bild3-1024x532.jpg 1024w, https:\/\/ludus.lu\/wp-content\/uploads\/2025\/01\/ludus-bild3-300x156.jpg 300w, https:\/\/ludus.lu\/wp-content\/uploads\/2025\/01\/ludus-bild3-768x399.jpg 768w, https:\/\/ludus.lu\/wp-content\/uploads\/2025\/01\/ludus-bild3-1536x798.jpg 1536w, https:\/\/ludus.lu\/wp-content\/uploads\/2025\/01\/ludus-bild3.jpg 1911w\" sizes=\"auto, (max-width: 1024px) 100vw, 1024px\" \/><\/figure>\n\n\n\n<p>E <strong>L\u00e9ieruert<\/strong> ass een Treffpunkt fir M\u00ebnschen d\u00e9i zesumme w\u00ebllen d&#8217;Welt a sech selwer entdecken. Et ass idealerweis e Gebai mat ville Raim, an deenen duerch entspriechend Ressourcen \u00ebnnerschiddlech Aktivit\u00e9iten an de Ber\u00e4icher Konscht, Beweegung, W\u00ebssenschaft, Meditatioun a prakteschem W\u00ebssen erm\u00e9iglecht ginn. Ronder\u00ebm dat Gebai g\u00ebtt et een Terrain, op deem ugeplanzt, gefuerscht a gespillt g\u00ebtt, souw\u00e9i en Zougang zu Naturber\u00e4icher w\u00e9i B\u00ebsch, Baach a Weier. E L\u00e9ieruert sicht och den Austausch mat der M\u00ebnschecommunaut\u00e9it d\u00e9i en emg\u00ebtt, siefen dat Betriber, Clibb, Cr\u00e8chen, Altersheemer oder einfach n\u00ebmme Famillen.<\/p>\n\n\n<div class=\"wp-block-image\">\n<figure class=\"alignleft is-resized\"><img loading=\"lazy\" decoding=\"async\" width=\"622\" height=\"836\" src=\"https:\/\/ludus.lu\/wp-content\/uploads\/2025\/01\/lu1-demok.jpg\" alt=\"\" class=\"wp-image-31\" style=\"width:219px;height:auto\" srcset=\"https:\/\/ludus.lu\/wp-content\/uploads\/2025\/01\/lu1-demok.jpg 622w, https:\/\/ludus.lu\/wp-content\/uploads\/2025\/01\/lu1-demok-223x300.jpg 223w\" sizes=\"auto, (max-width: 622px) 100vw, 622px\" \/><\/figure>\n<\/div>\n\n\n<p><strong>Demokratie<\/strong> am Kader vun d\u00e4r Plaz bedeit, dass all d\u00e9i M\u00ebnschen, d\u00e9i do zesumme wierken, onofh\u00e4ngeg vun hirem Alter gemeinsam festlee\u00eb w\u00e9i eng Reegelen noutwenneg sinn fir dass jiddereen sech fr\u00e4i, s\u00e9cher a respekt\u00e9iert fillt. A reegelm\u00e9issege Versammlunge ginn d\u00e9i Reegelen iwwerpr\u00e9ift an ugepasst, souw\u00e9i Konflikter t\u00ebschent de M\u00eambere gel\u00e9ist. Och ginn do nei Virschl\u00e9i fir d&#8217;Weiderentw\u00e9cklung vum L\u00e9ieruert diskut\u00e9iert an ofgest\u00ebmmt. D&#8217;Eltere vun de Jonken d\u00e9i de L\u00e9ieruert besichen gi souw\u00e4it w\u00e9i m\u00e9iglech an de Fonctionnement mat abezunn.<\/p>\n\n\n<div class=\"wp-block-image\">\n<figure class=\"alignleft size-full is-resized\"><img loading=\"lazy\" decoding=\"async\" width=\"543\" height=\"872\" src=\"https:\/\/ludus.lu\/wp-content\/uploads\/2025\/01\/lu2-uecht.jpg\" alt=\"\" class=\"wp-image-32\" style=\"width:218px;height:auto\" srcset=\"https:\/\/ludus.lu\/wp-content\/uploads\/2025\/01\/lu2-uecht.jpg 543w, https:\/\/ludus.lu\/wp-content\/uploads\/2025\/01\/lu2-uecht-187x300.jpg 187w\" sizes=\"auto, (max-width: 543px) 100vw, 543px\" \/><\/figure>\n<\/div>\n\n\n<p><strong>Uechtsamkeet<\/strong> heescht, dass an der Gestioun vum L\u00e9ieruert e grousse W\u00e4ert op Bewosstheet geluecht g\u00ebtt. Dozou geh\u00e9iert:<br>&#8211; s\u00e9ng eege Gefiller wouerhuelen, erkennen a matdeele k\u00ebnnen<br>&#8211; op s\u00e4in eegene Kierper lauschteren a verantwortlech mat em \u00ebmgoen<br>&#8211; d\u00e9i aner M\u00eambere vum L\u00e9ieruert an hir Bedierfnesser kennen an uechten<br>&#8211; d&#8217;Natur ronder\u00ebm de L\u00e9ieruert bewosst kucken, spieren a respekt\u00e9ieren<br>&#8211; d&#8217;Material an d&#8217;Uerdnung vum L\u00e9ieruert verantwortungsvoll behandelen an erhalen<br>D\u00ebs Forme vun Uechtsamkeet gi mat gr\u00e9isstm\u00e9iglechem Asaz vun de L\u00e9ierbegleeder virgelieft an a villen ugebuedenen Aktivit\u00e9iten train\u00e9iert.<\/p>\n\n\n<div class=\"wp-block-image\">\n<figure class=\"alignleft size-full is-resized\"><img loading=\"lazy\" decoding=\"async\" width=\"580\" height=\"956\" src=\"https:\/\/ludus.lu\/wp-content\/uploads\/2025\/01\/lu3-selbs.jpg\" alt=\"\" class=\"wp-image-33\" style=\"width:218px;height:auto\" srcset=\"https:\/\/ludus.lu\/wp-content\/uploads\/2025\/01\/lu3-selbs.jpg 580w, https:\/\/ludus.lu\/wp-content\/uploads\/2025\/01\/lu3-selbs-182x300.jpg 182w\" sizes=\"auto, (max-width: 580px) 100vw, 580px\" \/><\/figure>\n<\/div>\n\n\n<p><strong>Selbstbest\u00ebmmung<\/strong> bedeit, dass d&#8217;Handelen an eiser Communaut\u00e9it aus eegener Iwwerleeung an Entscheedung eraus erfollegt. Jiddereen ass selwer verantwortlech dofir, w\u00e9i a mat weem e s\u00e9ng Z\u00e4it verbr\u00e9ngt. Et g\u00ebtt kee Stonneplang, keng Flichtaufgaben (ausser deenen d\u00e9i mer gemeinsam ofst\u00ebmmen) a keng virbest\u00ebmmte Gruppen oder Alterskategorien. Een Haaptzil vum L\u00e9ieruert ass d&#8217;F\u00ebrderung vu selwer gesteierter Entfalung, an dozou geh\u00e9iert dass keen engem virschreift wat ee l\u00e9iere soll. Och g\u00ebtt et keng Bew\u00e4ertungen a Vergl\u00e4icher ausser deenen, d\u00e9i ee vis-\u00e0-vis vu sech selwer virh\u00eblt. D&#8217;L\u00e9ierbegleeder bidden awer hir \u00cbnnerst\u00ebtzung u wa se erw\u00ebnscht ass, a si offr\u00e9ieren oder organis\u00e9iere Couren an Atelieren zu hiren eegene Passiounen.<\/p>\n\n\n\n<p>D&#8217;Ofkierzung Ludus als eegenen, lat\u00e9ngesche Begr\u00ebff bedeit esouwuel &#8220;Schoul&#8221; an &#8220;Training&#8221; w\u00e9i och &#8220;Spill&#8221;, &#8220;Sport&#8221;, &#8220;Spaass&#8221; an &#8220;Entertainment&#8221;. Si dr\u00e9ckt de Geescht aus, an deem d&#8217;Aktivit\u00e9ite vun eisem L\u00e9ieruert stattfanne sollen.<\/p>\n\n\n\n<blockquote class=\"wp-block-quote is-layout-flow wp-block-quote-is-layout-flow\">\n<p><\/p>\n<\/blockquote>\n\n\n\n<p><\/p>\n\n\n\n<p><\/p>\n","protected":false},"excerpt":{"rendered":"<p>E L\u00e9ieruert ass een Treffpunkt fir M\u00ebnschen d\u00e9i zesumme w\u00ebllen d&#8217;Welt a sech selwer entdecken. Et ass idealerweis e Gebai mat ville Raim, an deenen duerch entspriechend Ressourcen \u00ebnnerschiddlech Aktivit\u00e9iten an de Ber\u00e4icher Konscht, Beweegung, W\u00ebssenschaft, Meditatioun a prakteschem W\u00ebssen erm\u00e9iglecht ginn. Ronder\u00ebm dat Gebai g\u00ebtt et een Terrain, op deem ugeplanzt, gefuerscht a gespillt &#8230; <a title=\"Wat heescht LuDUS?\" class=\"read-more\" href=\"https:\/\/ludus.lu\/?page_id=2\" aria-label=\"Read more about Wat heescht LuDUS?\">Read more<\/a><\/p>\n","protected":false},"author":1,"featured_media":0,"parent":0,"menu_order":0,"comment_status":"closed","ping_status":"closed","template":"","meta":{"footnotes":""},"class_list":["post-2","page","type-page","status-publish"],"_links":{"self":[{"href":"https:\/\/ludus.lu\/index.php?rest_route=\/wp\/v2\/pages\/2","targetHints":{"allow":["GET"]}}],"collection":[{"href":"https:\/\/ludus.lu\/index.php?rest_route=\/wp\/v2\/pages"}],"about":[{"href":"https:\/\/ludus.lu\/index.php?rest_route=\/wp\/v2\/types\/page"}],"author":[{"embeddable":true,"href":"https:\/\/ludus.lu\/index.php?rest_route=\/wp\/v2\/users\/1"}],"replies":[{"embeddable":true,"href":"https:\/\/ludus.lu\/index.php?rest_route=%2Fwp%2Fv2%2Fcomments&post=2"}],"version-history":[{"count":3,"href":"https:\/\/ludus.lu\/index.php?rest_route=\/wp\/v2\/pages\/2\/revisions"}],"predecessor-version":[{"id":51,"href":"https:\/\/ludus.lu\/index.php?rest_route=\/wp\/v2\/pages\/2\/revisions\/51"}],"wp:attachment":[{"href":"https:\/\/ludus.lu\/index.php?rest_route=%2Fwp%2Fv2%2Fmedia&parent=2"}],"curies":[{"name":"wp","href":"https:\/\/api.w.org\/{rel}","templated":true}]}}